{"id":10808,"date":"2024-05-30T15:56:19","date_gmt":"2024-05-30T15:56:19","guid":{"rendered":"https:\/\/www.glinianawarsztatownia.com.pl\/?post_type=product&#038;p=10808"},"modified":"2024-12-31T18:38:31","modified_gmt":"2024-12-31T18:38:31","slug":"wazonik","status":"publish","type":"product","link":"https:\/\/www.glinianawarsztatownia.com.pl\/index.php\/produkt\/wazonik\/","title":{"rendered":"Wazonik"},"content":{"rendered":"<p>Elegancki, r\u0119cznie wykonany wazonik o pojemno\u015bci 150 ml,<\/p>\n<p>Subtelne pastelowe kolory i delikatne \u017c\u0142obienia czyni\u0105 go idealnym dodatkiem do wn\u0119trz, podkre\u015blaj\u0105cym pi\u0119kno ma\u0142ych kompozycji kwiatowych.<\/p>\n<p>Wysoko\u015b\u0107 4,5 cm i szeroko\u015b\u0107 6 cm.<\/p>\n","protected":false},"excerpt":{"rendered":"<p>Elegancki, r\u0119cznie wykonany wazonik o pojemno\u015bci 150 ml,<\/p>\n<p>Subtelne pastelowe kolory i delikatne \u017c\u0142obienia czyni\u0105 go idealnym dodatkiem do wn\u0119trz, podkre\u015blaj\u0105cym pi\u0119kno ma\u0142ych kompozycji kwiatowych.<\/p>\n","protected":false},"featured_media":10803,"template":"","meta":[],"product_brand":[],"product_cat":[37],"product_tag":[36],"class_list":{"0":"post-10808","1":"product","2":"type-product","3":"status-publish","4":"has-post-thumbnail","6":"product_cat-wystroj-wnetrz","7":"product_tag-wystoj-wnetrz","9":"first","10":"instock","11":"shipping-taxable","12":"purchasable","13":"product-type-simple"},"aioseo_notices":[],"_links":{"self":[{"href":"https:\/\/www.glinianawarsztatownia.com.pl\/index.php\/wp-json\/wp\/v2\/product\/10808","targetHints":{"allow":["GET"]}}],"collection":[{"href":"https:\/\/www.glinianawarsztatownia.com.pl\/index.php\/wp-json\/wp\/v2\/product"}],"about":[{"href":"https:\/\/www.glinianawarsztatownia.com.pl\/index.php\/wp-json\/wp\/v2\/types\/product"}],"wp:featuredmedia":[{"embeddable":true,"href":"https:\/\/www.glinianawarsztatownia.com.pl\/index.php\/wp-json\/wp\/v2\/media\/10803"}],"wp:attachment":[{"href":"https:\/\/www.glinianawarsztatownia.com.pl\/index.php\/wp-json\/wp\/v2\/media?parent=10808"}],"wp:term":[{"taxonomy":"product_brand","embeddable":true,"href":"https:\/\/www.glinianawarsztatownia.com.pl\/index.php\/wp-json\/wp\/v2\/product_brand?post=10808"},{"taxonomy":"product_cat","embeddable":true,"href":"https:\/\/www.glinianawarsztatownia.com.pl\/index.php\/wp-json\/wp\/v2\/product_cat?post=10808"},{"taxonomy":"product_tag","embeddable":true,"href":"https:\/\/www.glinianawarsztatownia.com.pl\/index.php\/wp-json\/wp\/v2\/product_tag?post=10808"}],"curies":[{"name":"wp","href":"https:\/\/api.w.org\/{rel}","templated":true}]}}