{"id":285,"date":"2022-06-09T09:04:55","date_gmt":"2022-06-09T09:04:55","guid":{"rendered":"https:\/\/www.glinianawarsztatownia.com.pl\/?post_type=product&#038;p=285"},"modified":"2024-11-29T11:33:28","modified_gmt":"2024-11-29T11:33:28","slug":"karnet-5-warsztatow-zajecia-z-glina","status":"publish","type":"product","link":"https:\/\/www.glinianawarsztatownia.com.pl\/index.php\/produkt\/karnet-5-warsztatow-zajecia-z-glina\/","title":{"rendered":"E-bon 5 spotka\u0144"},"content":{"rendered":"<p>Cykl 5 warsztat\u00f3w to a\u017c <strong>7,5 godziny<\/strong> na sp\u0119dzenie <strong>czasu z glin\u0105<\/strong> oraz szkliwami w cudownej atmosferze w naszej pracowni. Taki karnet to<em> idealny prezent<\/em> dla os\u00f3b doros\u0142ych jak i dzieci w ka\u017cdym wieku. Podczas zaj\u0119\u0107 poznasz r\u00f3\u017cne techniki pracy z glin\u0105 oraz zasady nak\u0142adania \u00a0szkliw. \u00a0Na koniec otrzymasz gotowy produkt wypalony w temperaturze 1100&#8217;C, kt\u00f3ry sprawi rado\u015b\u0107 Tobie oraz Twoim bliskim.<\/p>\n<p>Zapewniamy:<\/p>\n<p>komfortowe miejsce do pracy<\/p>\n<p>narz\u0119dzia do modelowania<\/p>\n<p>wypalenie do 2 kg prac wykonanych w naszej pracowni ( waga przed wypa\u0142em)<\/p>\n<p>masy ceramiczne<\/p>\n<p>szkliwa oraz angoby<\/p>\n<p>pyszn\u0105 kaw\u0119<\/p>\n<p>Zaj\u0119cia odbywaj\u0105 si\u0119 we wtorki \/pi\u0105tki \/soboty w godzinach 16-20 &#8211; po wcze\u015bniejszym ustaleniu terminu.<\/p>\n<h1><\/h1>\n","protected":false},"excerpt":{"rendered":"<p>Cykl 5 warsztat\u00f3w to a\u017c <strong>7,5 godziny<\/strong> na sp\u0119dzenie <strong>czasu z glin\u0105<\/strong> oraz szkliwami w cudownej atmosferze w naszej pracowni. Taki karnet to<em> idealny prezent<\/em> dla os\u00f3b doros\u0142ych jak i dzieci w ka\u017cdym wieku. Podczas zaj\u0119\u0107 poznasz r\u00f3\u017cne techniki pracy z glin\u0105 oraz zasady nak\u0142adania \u00a0szkliw. \u00a0Na koniec otrzymasz gotowy produkt wypalony w temperaturze 1200&#8217;C, kt\u00f3ry sprawi rado\u015b\u0107 Tobie oraz bliskiem.<\/p>\n","protected":false},"featured_media":150,"template":"","meta":[],"product_brand":[],"product_cat":[23],"product_tag":[28,30,29,25,31,32],"class_list":{"0":"post-285","1":"product","2":"type-product","3":"status-publish","4":"has-post-thumbnail","6":"product_cat-bony","7":"product_tag-ceramika","8":"product_tag-czas-wolny","9":"product_tag-glina","10":"product_tag-karnet","11":"product_tag-lepienie-z-gliny","12":"product_tag-okolice-krakowa","14":"first","15":"instock","16":"shipping-taxable","17":"purchasable","18":"product-type-simple"},"aioseo_notices":[],"_links":{"self":[{"href":"https:\/\/www.glinianawarsztatownia.com.pl\/index.php\/wp-json\/wp\/v2\/product\/285","targetHints":{"allow":["GET"]}}],"collection":[{"href":"https:\/\/www.glinianawarsztatownia.com.pl\/index.php\/wp-json\/wp\/v2\/product"}],"about":[{"href":"https:\/\/www.glinianawarsztatownia.com.pl\/index.php\/wp-json\/wp\/v2\/types\/product"}],"wp:featuredmedia":[{"embeddable":true,"href":"https:\/\/www.glinianawarsztatownia.com.pl\/index.php\/wp-json\/wp\/v2\/media\/150"}],"wp:attachment":[{"href":"https:\/\/www.glinianawarsztatownia.com.pl\/index.php\/wp-json\/wp\/v2\/media?parent=285"}],"wp:term":[{"taxonomy":"product_brand","embeddable":true,"href":"https:\/\/www.glinianawarsztatownia.com.pl\/index.php\/wp-json\/wp\/v2\/product_brand?post=285"},{"taxonomy":"product_cat","embeddable":true,"href":"https:\/\/www.glinianawarsztatownia.com.pl\/index.php\/wp-json\/wp\/v2\/product_cat?post=285"},{"taxonomy":"product_tag","embeddable":true,"href":"https:\/\/www.glinianawarsztatownia.com.pl\/index.php\/wp-json\/wp\/v2\/product_tag?post=285"}],"curies":[{"name":"wp","href":"https:\/\/api.w.org\/{rel}","templated":true}]}}